2
Calculate the highest common divisor of 5 and 270.
5
What is the highest common factor of 36 and 1260?
36
Calculate the highest common factor of 30411 and 654.
327
What is the greatest common factor of 2051 and 4981?
293
Calculate the greatest common factor of 185 and 481.
37
Calculate the greatest common divisor of 48 and 1524.
12
Calculate the highest common factor of 6 and 951.
3
Calculate the greatest common divisor of 405 and 1944.
81
What is the highest common divisor of 310 and 372?
62
Calculate the highest common factor of 29 and 29.
29
What is the highest common factor of 27 and 909?
9
Calculate the greatest common factor of 145 and 522.
29
Calculate the highest common factor of 2000 and 16.
16
What is the greatest common divisor of 1003 and 51?
17
What is the greatest common factor of 459 and 513?
27
What is the highest common factor of 2508 and 1188?
132
Calculate the greatest common divisor of 18 and 16938.
18
What is the highest common factor of 76 and 20?
4
What is the highest common factor of 2280 and 30?
30
Calculate the highest common factor of 780 and 5265.
195
Calculate the greatest common factor of 468 and 1781.
13
What is the greatest common divisor of 22161 and 89?
89
Calculate the highest common factor of 712 and 12.
4
Calculate the greatest common factor of 56 and 60.
4
Calculate the highest common divisor of 48 and 132.
12
Calculate the highest common divisor of 14271 and 426.
213
Calculate the highest common factor of 4941 and 61.
61
What is the highest common factor of 2499 and 7?
7
What is the highest common factor of 434 and 2?
2
What is the greatest common factor of 126 and 3348?
18
What is the highest common divisor of 118 and 14809?
59
Calculate the greatest common divisor of 171 and 1737.
9
Calculate the greatest common divisor of 24 and 42312.
24
Calculate the highest common factor of 57 and 36366.
57
What is the highest common divisor of 303 and 5353?
101
Calculate the greatest common factor of 16279 and 73.
73
Calculate the highest common divisor of 21 and 57.
3
What is the greatest common factor of 48 and 948?
12
Calculate the highest common factor of 1408 and 110.
22
What is the highest common factor of 59 and 944?
59
What is the highest common factor of 30 and 190?
10
Calculate the greatest common divisor of 11160 and 540.
180
Calculate the highest common factor of 133 and 37373.
133
What is the highest common factor of 1995 and 165?
15
Calculate the highest common divisor of 740 and 222.
74
What is the greatest common factor of 9 and 639?
9
What is the greatest common divisor of 1950 and 250?
50
Calculate the greatest common factor of 1 and 29.
1
Calculate the highest common divisor of 92 and 412.
4
Calculate the greatest common factor of 432 and 528.
48
What is the highest common divisor of 22 and 240?
2
What is the highest common factor of 1053 and 891?
81
Calculate the greatest common divisor of 322 and 92.
46
Calculate the greatest common divisor of 26 and 195.
13
What is the highest common factor of 637 and 104?
13
Calculate the highest common factor of 549 and 63.
9
Calculate the greatest common divisor of 745 and 3278.
149
What is the highest common divisor of 114 and 399?
57
What is the highest common factor of 176 and 484?
44
What is the highest common factor of 397 and 154433?
397
What is the highest common factor of 31 and 1?
1
Calculate the greatest common divisor of 2754 and 63.
9
Calculate the greatest common divisor of 325 and 182.
13
Calculate the greatest common divisor of 284 and 6390.
142
Calculate the greatest common factor of 3 and 1929.
3
What is the greatest common divisor of 34 and 3400?
34
What is the highest common factor of 7205 and 275?
55
Calculate the highest common divisor of 345 and 195.
15
What is the greatest common divisor of 52 and 9178?
26
What is the greatest common divisor of 1848 and 22?
22
What is the highest common factor of 294 and 72?
6
What is the highest common divisor of 423 and 81?
9
What is the greatest common factor of 16998 and 12?
6
Calculate the greatest common divisor of 1635 and 285.
15
Calculate the greatest common divisor of 264 and 600.
24
What is the highest common divisor of 19 and 1349?
19
What is the greatest common factor of 204 and 24684?
204
What is the greatest common factor of 55 and 187?
11
Calculate the highest common divisor of 3765 and 255.
15
Calculate the highest common factor of 286 and 52.
26
Calculate the highest common divisor of 528 and 22.
22
What is the highest common factor of 60 and 132?
12
Calculate the greatest common divisor of 63 and 2681.
7
Calculate the highest common factor of 837 and 31.
31
What is the greatest common factor of 3025 and 440?
55
What is the greatest common factor of 378 and 14?
14
What is the highest common divisor of 29 and 5887?
29
Calculate the greatest common factor of 12383 and 406.
203
What is the greatest common factor of 21 and 114303?
21
Calculate the highest common divisor of 183 and 58011.
183
What is the highest common divisor of 107297 and 41?
41
What is the greatest common divisor of 55 and 495?
55
Calculate the greatest common factor of 504 and 812.
28
What is the greatest common factor of 75 and 120?
15
Calculate the greatest common divisor of 1197 and 684.
171
Calculate the greatest common divisor of 320 and 35.
5
What is the highest common divisor of 217 and 9052?
31
What is the greatest common factor of 324 and 12?
12
Calculate the greatest common factor of 4 and 332.
4
Calculate the highest common divisor of 512 and 16.
16
Calculate the greatest common divisor of 2021 and 47.
47
Calculate the greatest common divisor of 8 and 472.
8
Calculate the greatest common factor of 54 and 720.
18
What is the greatest common factor of 1125 and 150?
75
What is the greatest common factor of 48 and 36?
12
Calculate the greatest common divisor of 185 and 215.
5
What is the highest common factor of 450 and 18?
18
Calculate the greatest common factor of 364 and 13286.
182
What is the greatest common divisor of 1078 and 220?
22
What is the greatest common divisor of 585 and 45?
45
What is the highest common factor of 1782 and 264?
66
Calculate the highest common factor of 124 and 16.
4
Calculate the greatest common factor of 56 and 1064.
56
Calculate the greatest common divisor of 75 and 60.
15
Calculate the highest common divisor of 3870 and 360.
90
Calculate the greatest common divisor of 513 and 81.
27
Calculate the highest common factor of 9 and 936.
9
Calculate the greatest common divisor of 1778 and 127.
127
What is the greatest common divisor of 540 and 250?
10
What is the greatest common divisor of 8 and 260?
4
Calculate the highest common factor of 696 and 1479.
87
Calculate the greatest common factor of 315 and 20565.
45
Calculate the greatest common divisor of 580 and 130.
10
Calculate the greatest common divisor of 1469 and 13.
13
Calculate the highest common divisor of 98 and 637.
49
Calculate the greatest common factor of 1503 and 2.
1
Calculate the highest common factor of 51976 and 356.
356
Calculate the highest common factor of 1452 and 1419.
33
Calculate the highest common divisor of 4634 and 28.
14
Calculate the greatest common factor of 43 and 14792.
43
What is the greatest common factor of 9725 and 25?
25
Calculate the highest common divisor of 637 and 13.
13
What is the highest common divisor of 3252 and 12?
12
What is the greatest common divisor of 440 and 160?
40
Calculate the greatest common factor of 19021 and 23.
23
Calculate the highest common factor of 2941 and 346.
173
Calculate the highest common divisor of 1408 and 11.
11
What is the greatest common factor of 5 and 4?
1
Calculate the greatest common divisor of 621 and 23.
23
What is the highest common divisor of 297 and 54?
27
Calculate the greatest common divisor of 3352 and 8.
8
What is the highest common factor of 52 and 1928?
4
Calculate the highest common factor of 144 and 162.
18
Calculate the highest common factor of 2575 and 75.
25
Calculate the greatest common divisor of 19968 and 39.
39
Calculate the greatest common factor of 65 and 200.
5
Calculate the highest common factor of 10 and 1210.
10
Calculate the greatest common factor of 41 and 2009.
41
Calculate the greatest common divisor of 176 and 198.